{"id":322,"date":"2025-07-07T19:21:46","date_gmt":"2025-07-07T19:21:46","guid":{"rendered":"https:\/\/aafitopatologos.com.ar\/?page_id=322"},"modified":"2025-08-27T19:17:17","modified_gmt":"2025-08-27T22:17:17","slug":"autoridades","status":"publish","type":"page","link":"https:\/\/aafitopatologos.com.ar\/?page_id=322","title":{"rendered":"Autoridades"},"content":{"rendered":"\t\t<div data-elementor-type=\"wp-page\" data-elementor-id=\"322\" class=\"elementor elementor-322\" data-elementor-post-type=\"page\">\n\t\t\t\t<div class=\"elementor-element elementor-element-f3e2459 e-flex e-con-boxed e-con e-parent\" data-id=\"f3e2459\" data-element_type=\"container\">\n\t\t\t\t\t<div class=\"e-con-inner\">\n\t\t\t\t<div class=\"elementor-element elementor-element-c8caa3a elementor-widget elementor-widget-heading\" data-id=\"c8caa3a\" data-element_type=\"widget\" data-widget_type=\"heading.default\">\n\t\t\t\t<div class=\"elementor-widget-container\">\n\t\t\t\t\t<h2 class=\"elementor-heading-title elementor-size-default\">COMISI\u00d3N DIRECTIVA 2022 - 2025<\/h2>\t\t\t\t<\/div>\n\t\t\t\t<\/div>\n\t\t\t\t<div class=\"elementor-element elementor-element-3bd6477 elementor-widget-divider--view-line elementor-widget elementor-widget-divider\" data-id=\"3bd6477\" data-element_type=\"widget\" data-widget_type=\"divider.default\">\n\t\t\t\t<div class=\"elementor-widget-container\">\n\t\t\t\t\t\t\t<div class=\"elementor-divider\">\n\t\t\t<span class=\"elementor-divider-separator\">\n\t\t\t\t\t\t<\/span>\n\t\t<\/div>\n\t\t\t\t\t\t<\/div>\n\t\t\t\t<\/div>\n\t\t\t\t\t<\/div>\n\t\t\t\t<\/div>\n\t\t<div class=\"elementor-element elementor-element-ab310d3 e-grid e-con-boxed e-con e-parent\" data-id=\"ab310d3\" data-element_type=\"container\">\n\t\t\t\t\t<div class=\"e-con-inner\">\n\t\t<div class=\"elementor-element elementor-element-2ff1795 e-con-full e-flex e-con e-child\" data-id=\"2ff1795\" data-element_type=\"container\">\n\t\t\t\t<div class=\"elementor-element elementor-element-a2502d5 elementor-widget elementor-widget-heading\" data-id=\"a2502d5\" data-element_type=\"widget\" data-widget_type=\"heading.default\">\n\t\t\t\t<div class=\"elementor-widget-container\">\n\t\t\t\t\t<h2 class=\"elementor-heading-title elementor-size-default\">Dra. Gabriela Lucero<\/h2>\t\t\t\t<\/div>\n\t\t\t\t<\/div>\n\t\t\t\t<div class=\"elementor-element elementor-element-1cba006 elementor-widget elementor-widget-heading\" data-id=\"1cba006\" data-element_type=\"widget\" data-widget_type=\"heading.default\">\n\t\t\t\t<div class=\"elementor-widget-container\">\n\t\t\t\t\t<h2 class=\"elementor-heading-title elementor-size-default\">PRESIDENTE<\/h2>\t\t\t\t<\/div>\n\t\t\t\t<\/div>\n\t\t\t\t<\/div>\n\t\t<div class=\"elementor-element elementor-element-de78a88 e-con-full e-flex e-con e-child\" data-id=\"de78a88\" data-element_type=\"container\">\n\t\t\t\t<div class=\"elementor-element elementor-element-d33a82a elementor-widget elementor-widget-heading\" data-id=\"d33a82a\" data-element_type=\"widget\" data-widget_type=\"heading.default\">\n\t\t\t\t<div class=\"elementor-widget-container\">\n\t\t\t\t\t<h2 class=\"elementor-heading-title elementor-size-default\">Dra. Ana Mar\u00eda Romero\n<\/h2>\t\t\t\t<\/div>\n\t\t\t\t<\/div>\n\t\t\t\t<div class=\"elementor-element elementor-element-0a00320 elementor-widget elementor-widget-heading\" data-id=\"0a00320\" data-element_type=\"widget\" data-widget_type=\"heading.default\">\n\t\t\t\t<div class=\"elementor-widget-container\">\n\t\t\t\t\t<h2 class=\"elementor-heading-title elementor-size-default\">VICE PRESIDENTE<\/h2>\t\t\t\t<\/div>\n\t\t\t\t<\/div>\n\t\t\t\t<\/div>\n\t\t<div class=\"elementor-element elementor-element-25a55ed e-con-full e-flex e-con e-child\" data-id=\"25a55ed\" data-element_type=\"container\">\n\t\t\t\t<div class=\"elementor-element elementor-element-0fa037c elementor-widget elementor-widget-heading\" data-id=\"0fa037c\" data-element_type=\"widget\" data-widget_type=\"heading.default\">\n\t\t\t\t<div class=\"elementor-widget-container\">\n\t\t\t\t\t<h2 class=\"elementor-heading-title elementor-size-default\">Mg. Nora Raquel Andrada\n\u200b<\/h2>\t\t\t\t<\/div>\n\t\t\t\t<\/div>\n\t\t\t\t<div class=\"elementor-element elementor-element-1df22c6 elementor-widget elementor-widget-heading\" data-id=\"1df22c6\" data-element_type=\"widget\" data-widget_type=\"heading.default\">\n\t\t\t\t<div class=\"elementor-widget-container\">\n\t\t\t\t\t<h2 class=\"elementor-heading-title elementor-size-default\">SECRETARIA<\/h2>\t\t\t\t<\/div>\n\t\t\t\t<\/div>\n\t\t\t\t<\/div>\n\t\t<div class=\"elementor-element elementor-element-f60aa99 e-con-full e-flex e-con e-child\" data-id=\"f60aa99\" data-element_type=\"container\">\n\t\t\t\t<div class=\"elementor-element elementor-element-7ab494b elementor-widget elementor-widget-heading\" data-id=\"7ab494b\" data-element_type=\"widget\" data-widget_type=\"heading.default\">\n\t\t\t\t<div class=\"elementor-widget-container\">\n\t\t\t\t\t<h2 class=\"elementor-heading-title elementor-size-default\">Mg. Sergio Gregorio P\u00e9rez G\u00f3mez<\/h2>\t\t\t\t<\/div>\n\t\t\t\t<\/div>\n\t\t\t\t<div class=\"elementor-element elementor-element-796ae5e elementor-widget elementor-widget-heading\" data-id=\"796ae5e\" data-element_type=\"widget\" data-widget_type=\"heading.default\">\n\t\t\t\t<div class=\"elementor-widget-container\">\n\t\t\t\t\t<h2 class=\"elementor-heading-title elementor-size-default\">TESORERO<\/h2>\t\t\t\t<\/div>\n\t\t\t\t<\/div>\n\t\t\t\t<\/div>\n\t\t\t\t\t<\/div>\n\t\t\t\t<\/div>\n\t\t<div class=\"elementor-element elementor-element-a38a714 e-grid e-con-boxed e-con e-parent\" data-id=\"a38a714\" data-element_type=\"container\">\n\t\t\t\t\t<div class=\"e-con-inner\">\n\t\t<div class=\"elementor-element elementor-element-8bc5142 e-con-full e-flex e-con e-child\" data-id=\"8bc5142\" data-element_type=\"container\">\n\t\t\t\t<div class=\"elementor-element elementor-element-aa4a2f9 elementor-widget elementor-widget-heading\" data-id=\"aa4a2f9\" data-element_type=\"widget\" data-widget_type=\"heading.default\">\n\t\t\t\t<div class=\"elementor-widget-container\">\n\t\t\t\t\t<h2 class=\"elementor-heading-title elementor-size-default\">Vocales titulares:<\/h2>\t\t\t\t<\/div>\n\t\t\t\t<\/div>\n\t\t\t\t<div class=\"elementor-element elementor-element-8218630 elementor-widget-divider--view-line elementor-widget elementor-widget-divider\" data-id=\"8218630\" data-element_type=\"widget\" data-widget_type=\"divider.default\">\n\t\t\t\t<div class=\"elementor-widget-container\">\n\t\t\t\t\t\t\t<div class=\"elementor-divider\">\n\t\t\t<span class=\"elementor-divider-separator\">\n\t\t\t\t\t\t<\/span>\n\t\t<\/div>\n\t\t\t\t\t\t<\/div>\n\t\t\t\t<\/div>\n\t\t\t\t<div class=\"elementor-element elementor-element-ee793d7 elementor-widget elementor-widget-text-editor\" data-id=\"ee793d7\" data-element_type=\"widget\" data-widget_type=\"text-editor.default\">\n\t\t\t\t<div class=\"elementor-widget-container\">\n\t\t\t\t\t\t\t\t\t<p>Cap\u00edtulo NOA: Dra. Guadalupe Mercado C\u00e1rdenas<\/p>\n<p>Cap\u00edtulo NEA: MSc. Ver\u00f3nica Obreg\u00f3n<\/p><p>Cap\u00edtulo Centro: Dr. Cecilia Perotto<\/p>\n<p>Cap\u00edtulo Litoral: Dra. Mar\u00eda Alejandra Favaro<\/p>\n<p>Cap\u00edtulo Bs. As: Dra. Mercedes Scandiani<\/p>\n<p>Cap\u00edtulo Cuyo: Dra. Joana Boiteux<\/p>\n<p>Cap\u00edtulo Patagonia: Dra. Mar\u00eda Cecilia Lutz<\/p>\t\t\t\t\t\t\t\t<\/div>\n\t\t\t\t<\/div>\n\t\t\t\t<\/div>\n\t\t<div class=\"elementor-element elementor-element-38a8b98 e-con-full e-flex e-con e-child\" data-id=\"38a8b98\" data-element_type=\"container\">\n\t\t\t\t<div class=\"elementor-element elementor-element-a5721e1 elementor-widget elementor-widget-heading\" data-id=\"a5721e1\" data-element_type=\"widget\" data-widget_type=\"heading.default\">\n\t\t\t\t<div class=\"elementor-widget-container\">\n\t\t\t\t\t<h2 class=\"elementor-heading-title elementor-size-default\">Comisi\u00f3n revisora de cuentas:<\/h2>\t\t\t\t<\/div>\n\t\t\t\t<\/div>\n\t\t\t\t<div class=\"elementor-element elementor-element-d5574ec elementor-widget-divider--view-line elementor-widget elementor-widget-divider\" data-id=\"d5574ec\" data-element_type=\"widget\" data-widget_type=\"divider.default\">\n\t\t\t\t<div class=\"elementor-widget-container\">\n\t\t\t\t\t\t\t<div class=\"elementor-divider\">\n\t\t\t<span class=\"elementor-divider-separator\">\n\t\t\t\t\t\t<\/span>\n\t\t<\/div>\n\t\t\t\t\t\t<\/div>\n\t\t\t\t<\/div>\n\t\t\t\t<div class=\"elementor-element elementor-element-c775ee9 elementor-widget elementor-widget-text-editor\" data-id=\"c775ee9\" data-element_type=\"widget\" data-widget_type=\"text-editor.default\">\n\t\t\t\t<div class=\"elementor-widget-container\">\n\t\t\t\t\t\t\t\t\t<p>Dra. Marcia Micca Ramirez<\/p><p>Dr. Ismael Malbr\u00e1n<\/p><p>Dra. Mar\u00eda Cristina Sosa<\/p>\t\t\t\t\t\t\t\t<\/div>\n\t\t\t\t<\/div>\n\t\t\t\t<\/div>\n\t\t\t\t\t<\/div>\n\t\t\t\t<\/div>\n\t\t\t\t<\/div>\n\t\t","protected":false},"excerpt":{"rendered":"<p>COMISI\u00d3N DIRECTIVA 2022 &#8211; 2025 Dra. Gabriela Lucero PRESIDENTE Dra. Ana Mar\u00eda Romero VICE PRESIDENTE Mg. Nora Raquel Andrada \u200b SECRETARIA Mg. Sergio Gregorio P\u00e9rez G\u00f3mez TESORERO Vocales titulares: Cap\u00edtulo NOA: Dra. Guadalupe Mercado C\u00e1rdenas Cap\u00edtulo NEA: MSc. Ver\u00f3nica Obreg\u00f3n Cap\u00edtulo Centro: Dr. Cecilia Perotto Cap\u00edtulo Litoral: Dra. Mar\u00eda Alejandra Favaro Cap\u00edtulo Bs. As: Dra. [&hellip;]<\/p>\n","protected":false},"author":2,"featured_media":0,"parent":0,"menu_order":0,"comment_status":"closed","ping_status":"closed","template":"elementor_header_footer","meta":{"footnotes":""},"class_list":["post-322","page","type-page","status-publish","hentry"],"_links":{"self":[{"href":"https:\/\/aafitopatologos.com.ar\/index.php?rest_route=\/wp\/v2\/pages\/322","targetHints":{"allow":["GET"]}}],"collection":[{"href":"https:\/\/aafitopatologos.com.ar\/index.php?rest_route=\/wp\/v2\/pages"}],"about":[{"href":"https:\/\/aafitopatologos.com.ar\/index.php?rest_route=\/wp\/v2\/types\/page"}],"author":[{"embeddable":true,"href":"https:\/\/aafitopatologos.com.ar\/index.php?rest_route=\/wp\/v2\/users\/2"}],"replies":[{"embeddable":true,"href":"https:\/\/aafitopatologos.com.ar\/index.php?rest_route=%2Fwp%2Fv2%2Fcomments&post=322"}],"version-history":[{"count":16,"href":"https:\/\/aafitopatologos.com.ar\/index.php?rest_route=\/wp\/v2\/pages\/322\/revisions"}],"predecessor-version":[{"id":640,"href":"https:\/\/aafitopatologos.com.ar\/index.php?rest_route=\/wp\/v2\/pages\/322\/revisions\/640"}],"wp:attachment":[{"href":"https:\/\/aafitopatologos.com.ar\/index.php?rest_route=%2Fwp%2Fv2%2Fmedia&parent=322"}],"curies":[{"name":"wp","href":"https:\/\/api.w.org\/{rel}","templated":true}]}}